{"id":563,"date":"2021-10-14T16:03:20","date_gmt":"2021-10-14T14:03:20","guid":{"rendered":"https:\/\/icab.eu\/pro\/?page_id=563"},"modified":"2021-10-14T16:03:20","modified_gmt":"2021-10-14T14:03:20","slug":"plateformes-planchers","status":"publish","type":"page","link":"https:\/\/icab.eu\/pro\/demo\/plateformes-planchers\/","title":{"rendered":"Plateformes et planchers techniques"},"content":{"rendered":"<div id=\"ez-toc-container\" class=\"ez-toc-v2_0_81 counter-hierarchy ez-toc-counter ez-toc-grey ez-toc-container-direction\">\n<p class=\"ez-toc-title\" style=\"cursor:inherit\">Sommaire<\/p>\n<label for=\"ez-toc-cssicon-toggle-item-69de212fb3a9c\" class=\"ez-toc-cssicon-toggle-label\"><span class=\"\"><span class=\"eztoc-hide\" style=\"display:none;\">Toggle<\/span><span class=\"ez-toc-icon-toggle-span\"><svg style=\"fill: #999;color:#999\" xmlns=\"http:\/\/www.w3.org\/2000\/svg\" class=\"list-377408\" width=\"20px\" height=\"20px\" viewBox=\"0 0 24 24\" fill=\"none\"><path d=\"M6 6H4v2h2V6zm14 0H8v2h12V6zM4 11h2v2H4v-2zm16 0H8v2h12v-2zM4 16h2v2H4v-2zm16 0H8v2h12v-2z\" fill=\"currentColor\"><\/path><\/svg><svg style=\"fill: #999;color:#999\" class=\"arrow-unsorted-368013\" xmlns=\"http:\/\/www.w3.org\/2000\/svg\" width=\"10px\" height=\"10px\" viewBox=\"0 0 24 24\" version=\"1.2\" baseProfile=\"tiny\"><path d=\"M18.2 9.3l-6.2-6.3-6.2 6.3c-.2.2-.3.4-.3.7s.1.5.3.7c.2.2.4.3.7.3h11c.3 0 .5-.1.7-.3.2-.2.3-.5.3-.7s-.1-.5-.3-.7zM5.8 14.7l6.2 6.3 6.2-6.3c.2-.2.3-.5.3-.7s-.1-.5-.3-.7c-.2-.2-.4-.3-.7-.3h-11c-.3 0-.5.1-.7.3-.2.2-.3.5-.3.7s.1.5.3.7z\"\/><\/svg><\/span><\/span><\/label><input type=\"checkbox\"  id=\"ez-toc-cssicon-toggle-item-69de212fb3a9c\"  aria-label=\"Toggle\" \/><nav><ul class='ez-toc-list ez-toc-list-level-1 ' ><li class='ez-toc-page-1 ez-toc-heading-level-1'><a class=\"ez-toc-link ez-toc-heading-1\" href=\"https:\/\/icab.eu\/pro\/demo\/plateformes-planchers\/#Plateformes_et_planchers_techniques\" >Plateformes et planchers techniques<\/a><ul class='ez-toc-list-level-2' ><li class='ez-toc-heading-level-2'><a class=\"ez-toc-link ez-toc-heading-2\" href=\"https:\/\/icab.eu\/pro\/demo\/plateformes-planchers\/#Plateformes_sur_mat\" >Plateformes sur m\u00e2t<\/a><\/li><li class='ez-toc-page-1 ez-toc-heading-level-2'><a class=\"ez-toc-link ez-toc-heading-3\" href=\"https:\/\/icab.eu\/pro\/demo\/plateformes-planchers\/#Plateforme_dacces\" >Plateforme d&rsquo;acc\u00e8s<\/a><\/li><li class='ez-toc-page-1 ez-toc-heading-level-2'><a class=\"ez-toc-link ez-toc-heading-4\" href=\"https:\/\/icab.eu\/pro\/demo\/plateformes-planchers\/#Passerelle_mobile\" >Passerelle mobile<\/a><\/li><\/ul><\/li><\/ul><\/nav><\/div>\n<table border=\"0\" cellspacing=\"0\" cellpadding=\"0\">\n<tbody>\n<tr>\n<td>\n<h1><span class=\"ez-toc-section\" id=\"Plateformes_et_planchers_techniques\"><\/span>Plateformes et planchers techniques<span class=\"ez-toc-section-end\"><\/span><\/h1>\n<p>Exemples:<\/p>\n<ul>\n<li><a href=\"https:\/\/www.icab.eu\/force\/demo\/plateforme.htm#plateforme_mat\">plateforme sur m\u00e2t<\/a><\/li>\n<li><a href=\"https:\/\/www.icab.eu\/force\/demo\/plateforme.htm#plateforme_amovible\">plateforme d&rsquo;acc\u00e8s<\/a><\/li>\n<li><a href=\"https:\/\/www.icab.eu\/force\/demo\/plateforme.htm#passerelle_mobile\">passerelle mobile<\/a><\/li>\n<\/ul>\n<p>&nbsp;<\/td>\n<\/tr>\n<\/tbody>\n<\/table>\n<h2><span class=\"ez-toc-section\" id=\"Plateformes_sur_mat\"><\/span><a name=\"plateforme_mat\"><\/a>Plateformes sur m\u00e2t<span class=\"ez-toc-section-end\"><\/span><\/h2>\n<p>Les trois plateformes sont mont\u00e9es sur un m\u00e2t cylindrique:<\/p>\n<p><img fetchpriority=\"high\" decoding=\"async\" title=\"plateformes mont\u00e9es sur m\u00e2t\" src=\"https:\/\/www.icab.eu\/force\/demo\/img\/mat_plateforme01.jpg\" alt=\"plateformes mont\u00e9es sur m\u00e2t\" width=\"859\" height=\"514\" border=\"0\" \/><\/p>\n<p>L&rsquo;analyse de la r\u00e9sistance \u00e0 la fatigue a \u00e9t\u00e9 analys\u00e9e avec les effets d&rsquo;instabilit\u00e9s a\u00e9ro\u00e9lastiques selon l&rsquo;Eurocode 1-1-4:<\/p>\n<table>\n<tbody>\n<tr>\n<td><img decoding=\"async\" title=\"analyse modale: premier mode de torsion\" src=\"https:\/\/www.icab.eu\/force\/demo\/img\/mat_plateforme_mode1.jpg\" alt=\"analyse modale: premier mode de torsion\" width=\"540\" height=\"481\" border=\"0\" \/><\/td>\n<td><img decoding=\"async\" title=\"analyse modale: premier mode de flexion\" src=\"https:\/\/www.icab.eu\/force\/demo\/img\/mat_plateforme_mode2.jpg\" alt=\"analyse modale: premier mode de flexion\" width=\"726\" height=\"370\" border=\"0\" \/><\/td>\n<\/tr>\n<\/tbody>\n<\/table>\n<h2><span class=\"ez-toc-section\" id=\"Plateforme_dacces\"><\/span><a name=\"plateforme_amovible\"><\/a>Plateforme d&rsquo;acc\u00e8s<span class=\"ez-toc-section-end\"><\/span><\/h2>\n<p>La plateforme mod\u00e9lis\u00e9e est en porte-\u00e0-faux \u00e0 12m du sol<\/p>\n<p><img loading=\"lazy\" decoding=\"async\" title=\"platerforme - treillis suspendu\" src=\"https:\/\/www.icab.eu\/force\/demo\/img\/plateforme_access01.gif\" alt=\"platerforme - treillis suspendu\" width=\"859\" height=\"655\" border=\"0\" \/><\/p>\n<p>Deux conceptions sont compar\u00e9es: poutre treillis suspendue ou poutre caisson.<\/p>\n<p><img loading=\"lazy\" decoding=\"async\" title=\"plateforme - poutre caisson\" src=\"https:\/\/www.icab.eu\/force\/demo\/img\/plateforme_access02.gif\" alt=\"plateforme - poutre caisson\" width=\"865\" height=\"643\" border=\"0\" \/><\/p>\n<p>&nbsp;<\/p>\n<h2><span class=\"ez-toc-section\" id=\"Passerelle_mobile\"><\/span><a name=\"passerelle_mobile\"><\/a>Passerelle mobile<span class=\"ez-toc-section-end\"><\/span><\/h2>\n<p><img loading=\"lazy\" decoding=\"async\" title=\"passerelle mobile avec garde-corps\" src=\"https:\/\/www.icab.eu\/force\/demo\/img\/passerelle_mobile01.gif\" alt=\"passerelle mobile avec garde-corps\" width=\"867\" height=\"654\" border=\"0\" \/><\/p>\n","protected":false},"excerpt":{"rendered":"<p>Plateformes et planchers techniques Exemples: plateforme sur m\u00e2t plateforme d&rsquo;acc\u00e8s passerelle mobile &nbsp; Plateformes sur m\u00e2t Les trois plateformes sont mont\u00e9es sur un m\u00e2t cylindrique: L&rsquo;analyse de la r\u00e9sistance \u00e0 la fatigue a \u00e9t\u00e9 analys\u00e9e avec les effets d&rsquo;instabilit\u00e9s a\u00e9ro\u00e9lastiques selon l&rsquo;Eurocode 1-1-4: Plateforme d&rsquo;acc\u00e8s La plateforme mod\u00e9lis\u00e9e est en porte-\u00e0-faux \u00e0 12m du sol [&hellip;]<\/p>\n","protected":false},"author":2,"featured_media":0,"parent":548,"menu_order":0,"comment_status":"closed","ping_status":"closed","template":"","meta":{"_bbp_topic_count":0,"_bbp_reply_count":0,"_bbp_total_topic_count":0,"_bbp_total_reply_count":0,"_bbp_voice_count":0,"_bbp_anonymous_reply_count":0,"_bbp_topic_count_hidden":0,"_bbp_reply_count_hidden":0,"_bbp_forum_subforum_count":0,"footnotes":""},"class_list":["post-563","page","type-page","status-publish","hentry"],"_links":{"self":[{"href":"https:\/\/icab.eu\/pro\/wp-json\/wp\/v2\/pages\/563","targetHints":{"allow":["GET"]}}],"collection":[{"href":"https:\/\/icab.eu\/pro\/wp-json\/wp\/v2\/pages"}],"about":[{"href":"https:\/\/icab.eu\/pro\/wp-json\/wp\/v2\/types\/page"}],"author":[{"embeddable":true,"href":"https:\/\/icab.eu\/pro\/wp-json\/wp\/v2\/users\/2"}],"replies":[{"embeddable":true,"href":"https:\/\/icab.eu\/pro\/wp-json\/wp\/v2\/comments?post=563"}],"version-history":[{"count":1,"href":"https:\/\/icab.eu\/pro\/wp-json\/wp\/v2\/pages\/563\/revisions"}],"predecessor-version":[{"id":564,"href":"https:\/\/icab.eu\/pro\/wp-json\/wp\/v2\/pages\/563\/revisions\/564"}],"up":[{"embeddable":true,"href":"https:\/\/icab.eu\/pro\/wp-json\/wp\/v2\/pages\/548"}],"wp:attachment":[{"href":"https:\/\/icab.eu\/pro\/wp-json\/wp\/v2\/media?parent=563"}],"curies":[{"name":"wp","href":"https:\/\/api.w.org\/{rel}","templated":true}]}}