{"id":566,"date":"2021-10-14T16:04:31","date_gmt":"2021-10-14T14:04:31","guid":{"rendered":"https:\/\/icab.eu\/pro\/?page_id=566"},"modified":"2021-10-14T16:04:31","modified_gmt":"2021-10-14T14:04:31","slug":"passerelles","status":"publish","type":"page","link":"https:\/\/icab.eu\/pro\/demo\/passerelles\/","title":{"rendered":"Passerelles"},"content":{"rendered":"<div id=\"ez-toc-container\" class=\"ez-toc-v2_0_81 counter-hierarchy ez-toc-counter ez-toc-grey ez-toc-container-direction\">\n<p class=\"ez-toc-title\" style=\"cursor:inherit\">Sommaire<\/p>\n<label for=\"ez-toc-cssicon-toggle-item-69e0d86c99a6d\" class=\"ez-toc-cssicon-toggle-label\"><span class=\"\"><span class=\"eztoc-hide\" style=\"display:none;\">Toggle<\/span><span class=\"ez-toc-icon-toggle-span\"><svg style=\"fill: #999;color:#999\" xmlns=\"http:\/\/www.w3.org\/2000\/svg\" class=\"list-377408\" width=\"20px\" height=\"20px\" viewBox=\"0 0 24 24\" fill=\"none\"><path d=\"M6 6H4v2h2V6zm14 0H8v2h12V6zM4 11h2v2H4v-2zm16 0H8v2h12v-2zM4 16h2v2H4v-2zm16 0H8v2h12v-2z\" fill=\"currentColor\"><\/path><\/svg><svg style=\"fill: #999;color:#999\" class=\"arrow-unsorted-368013\" xmlns=\"http:\/\/www.w3.org\/2000\/svg\" width=\"10px\" height=\"10px\" viewBox=\"0 0 24 24\" version=\"1.2\" baseProfile=\"tiny\"><path d=\"M18.2 9.3l-6.2-6.3-6.2 6.3c-.2.2-.3.4-.3.7s.1.5.3.7c.2.2.4.3.7.3h11c.3 0 .5-.1.7-.3.2-.2.3-.5.3-.7s-.1-.5-.3-.7zM5.8 14.7l6.2 6.3 6.2-6.3c.2-.2.3-.5.3-.7s-.1-.5-.3-.7c-.2-.2-.4-.3-.7-.3h-11c-.3 0-.5.1-.7.3-.2.2-.3.5-.3.7s.1.5.3.7z\"\/><\/svg><\/span><\/span><\/label><input type=\"checkbox\"  id=\"ez-toc-cssicon-toggle-item-69e0d86c99a6d\"  aria-label=\"Toggle\" \/><nav><ul class='ez-toc-list ez-toc-list-level-1 ' ><li class='ez-toc-page-1 ez-toc-heading-level-1'><a class=\"ez-toc-link ez-toc-heading-1\" href=\"https:\/\/icab.eu\/pro\/demo\/passerelles\/#Passerelles\" >Passerelles<\/a><ul class='ez-toc-list-level-2' ><li class='ez-toc-heading-level-2'><a class=\"ez-toc-link ez-toc-heading-2\" href=\"https:\/\/icab.eu\/pro\/demo\/passerelles\/#Passerelle_des_Grands_Moulins_Paris\" >Passerelle des Grands Moulins (Paris)<\/a><\/li><\/ul><\/li><\/ul><\/nav><\/div>\n<table border=\"0\" cellspacing=\"0\" cellpadding=\"0\">\n<tbody>\n<tr>\n<td>\n<h1><span class=\"ez-toc-section\" id=\"Passerelles\"><\/span>Passerelles<span class=\"ez-toc-section-end\"><\/span><\/h1>\n<p>Exemples:<\/p>\n<ul>\n<li><a href=\"https:\/\/www.icab.eu\/force\/demo\/passerelle.htm#plateforme_mat\">passerelle des Grands Moulins<\/a><\/li>\n<\/ul>\n<p>&nbsp;<\/td>\n<td>\u00a0<img fetchpriority=\"high\" decoding=\"async\" src=\"https:\/\/www.icab.eu\/force\/demo\/img\/passerelle_aluminium.jpg\" alt=\"Passerelle en aluminium\" width=\"682\" height=\"328\" border=\"0\" \/><\/td>\n<\/tr>\n<\/tbody>\n<\/table>\n<h2><span class=\"ez-toc-section\" id=\"Passerelle_des_Grands_Moulins_Paris\"><\/span><a name=\"plateforme_mat\"><\/a>Passerelle des Grands Moulins (Paris)<span class=\"ez-toc-section-end\"><\/span><\/h2>\n<p>La passerelle a une port\u00e9e de 40m et un tablier d&rsquo;une \u00e9paisseur de 350mm seulement.<\/p>\n<p>&nbsp;<\/p>\n<table>\n<tbody>\n<tr>\n<td><img decoding=\"async\" src=\"https:\/\/www.icab.eu\/force\/demo\/img\/passerelle_grands_moulins_xz.jpg\" alt=\"passerelle des Grands Moulins\" width=\"660\" height=\"176\" border=\"0\" \/><\/td>\n<td><a href=\"http:\/\/www.vongdc.com\/index_pgm.html\" target=\"_blank\" rel=\"noopener\"><img decoding=\"async\" src=\"https:\/\/www.icab.eu\/force\/demo\/img\/passerelle_grands_moulins_photo.jpg\" alt=\"Architecte VongDC\" width=\"680\" height=\"358\" border=\"0\" \/><\/a><\/td>\n<\/tr>\n<\/tbody>\n<\/table>\n<p>Les analyses de r\u00e9sistance sous charge statique ont \u00e9t\u00e9 compl\u00e9t\u00e9es par l&rsquo;\u00e9tude dynamique vibratoire pour appr\u00e9cier le confort des pi\u00e9tons<\/p>\n<p><img loading=\"lazy\" decoding=\"async\" src=\"https:\/\/www.icab.eu\/force\/demo\/img\/passerelle_grands_moulins_coque.jpg\" width=\"788\" height=\"338\" border=\"0\" \/><\/p>\n<p><img loading=\"lazy\" decoding=\"async\" src=\"https:\/\/www.icab.eu\/force\/demo\/img\/passerelle_grands_moulins_contraintes.jpg\" width=\"894\" height=\"502\" border=\"0\" \/><\/p>\n<table>\n<tbody>\n<tr>\n<td><img loading=\"lazy\" decoding=\"async\" src=\"https:\/\/www.icab.eu\/force\/demo\/img\/passerelle_grands_moulins_mode1.jpg\" alt=\"Vibration: mode 1\" width=\"446\" height=\"448\" border=\"0\" \/><\/td>\n<td><img loading=\"lazy\" decoding=\"async\" src=\"https:\/\/www.icab.eu\/force\/demo\/img\/passerelle_grands_moulins_mode2.jpg\" alt=\"Vibration: mode 2\" width=\"746\" height=\"207\" border=\"0\" \/><\/td>\n<\/tr>\n<tr>\n<td><img loading=\"lazy\" decoding=\"async\" src=\"https:\/\/www.icab.eu\/force\/demo\/img\/passerelle_grands_moulins_mode4.jpg\" alt=\"Vibration: mode 4\" width=\"669\" height=\"173\" border=\"0\" \/><\/td>\n<td><img loading=\"lazy\" decoding=\"async\" src=\"https:\/\/www.icab.eu\/force\/demo\/img\/passerelle_grands_moulins_mode9.jpg\" alt=\"Vibration: mode 9\" width=\"658\" height=\"266\" border=\"0\" \/><\/td>\n<\/tr>\n<\/tbody>\n<\/table>\n","protected":false},"excerpt":{"rendered":"<p>Passerelles Exemples: passerelle des Grands Moulins &nbsp; \u00a0 Passerelle des Grands Moulins (Paris) La passerelle a une port\u00e9e de 40m et un tablier d&rsquo;une \u00e9paisseur de 350mm seulement. &nbsp; Les analyses de r\u00e9sistance sous charge statique ont \u00e9t\u00e9 compl\u00e9t\u00e9es par l&rsquo;\u00e9tude dynamique vibratoire pour appr\u00e9cier le confort des pi\u00e9tons<\/p>\n","protected":false},"author":2,"featured_media":0,"parent":548,"menu_order":0,"comment_status":"closed","ping_status":"closed","template":"","meta":{"_bbp_topic_count":0,"_bbp_reply_count":0,"_bbp_total_topic_count":0,"_bbp_total_reply_count":0,"_bbp_voice_count":0,"_bbp_anonymous_reply_count":0,"_bbp_topic_count_hidden":0,"_bbp_reply_count_hidden":0,"_bbp_forum_subforum_count":0,"footnotes":""},"class_list":["post-566","page","type-page","status-publish","hentry"],"_links":{"self":[{"href":"https:\/\/icab.eu\/pro\/wp-json\/wp\/v2\/pages\/566","targetHints":{"allow":["GET"]}}],"collection":[{"href":"https:\/\/icab.eu\/pro\/wp-json\/wp\/v2\/pages"}],"about":[{"href":"https:\/\/icab.eu\/pro\/wp-json\/wp\/v2\/types\/page"}],"author":[{"embeddable":true,"href":"https:\/\/icab.eu\/pro\/wp-json\/wp\/v2\/users\/2"}],"replies":[{"embeddable":true,"href":"https:\/\/icab.eu\/pro\/wp-json\/wp\/v2\/comments?post=566"}],"version-history":[{"count":1,"href":"https:\/\/icab.eu\/pro\/wp-json\/wp\/v2\/pages\/566\/revisions"}],"predecessor-version":[{"id":567,"href":"https:\/\/icab.eu\/pro\/wp-json\/wp\/v2\/pages\/566\/revisions\/567"}],"up":[{"embeddable":true,"href":"https:\/\/icab.eu\/pro\/wp-json\/wp\/v2\/pages\/548"}],"wp:attachment":[{"href":"https:\/\/icab.eu\/pro\/wp-json\/wp\/v2\/media?parent=566"}],"curies":[{"name":"wp","href":"https:\/\/api.w.org\/{rel}","templated":true}]}}