{"id":572,"date":"2021-10-14T16:07:57","date_gmt":"2021-10-14T14:07:57","guid":{"rendered":"https:\/\/icab.eu\/pro\/?page_id=572"},"modified":"2021-10-14T16:07:57","modified_gmt":"2021-10-14T14:07:57","slug":"panneaux-photovoltaiques","status":"publish","type":"page","link":"https:\/\/icab.eu\/pro\/demo\/panneaux-photovoltaiques\/","title":{"rendered":"panneaux photovolta\u00efques"},"content":{"rendered":"<div id=\"ez-toc-container\" class=\"ez-toc-v2_0_81 counter-hierarchy ez-toc-counter ez-toc-grey ez-toc-container-direction\">\n<p class=\"ez-toc-title\" style=\"cursor:inherit\">Sommaire<\/p>\n<label for=\"ez-toc-cssicon-toggle-item-69d27dfd6f592\" class=\"ez-toc-cssicon-toggle-label\"><span class=\"\"><span class=\"eztoc-hide\" style=\"display:none;\">Toggle<\/span><span class=\"ez-toc-icon-toggle-span\"><svg style=\"fill: #999;color:#999\" xmlns=\"http:\/\/www.w3.org\/2000\/svg\" class=\"list-377408\" width=\"20px\" height=\"20px\" viewBox=\"0 0 24 24\" fill=\"none\"><path d=\"M6 6H4v2h2V6zm14 0H8v2h12V6zM4 11h2v2H4v-2zm16 0H8v2h12v-2zM4 16h2v2H4v-2zm16 0H8v2h12v-2z\" fill=\"currentColor\"><\/path><\/svg><svg style=\"fill: #999;color:#999\" class=\"arrow-unsorted-368013\" xmlns=\"http:\/\/www.w3.org\/2000\/svg\" width=\"10px\" height=\"10px\" viewBox=\"0 0 24 24\" version=\"1.2\" baseProfile=\"tiny\"><path d=\"M18.2 9.3l-6.2-6.3-6.2 6.3c-.2.2-.3.4-.3.7s.1.5.3.7c.2.2.4.3.7.3h11c.3 0 .5-.1.7-.3.2-.2.3-.5.3-.7s-.1-.5-.3-.7zM5.8 14.7l6.2 6.3 6.2-6.3c.2-.2.3-.5.3-.7s-.1-.5-.3-.7c-.2-.2-.4-.3-.7-.3h-11c-.3 0-.5.1-.7.3-.2.2-.3.5-.3.7s.1.5.3.7z\"\/><\/svg><\/span><\/span><\/label><input type=\"checkbox\"  id=\"ez-toc-cssicon-toggle-item-69d27dfd6f592\"  aria-label=\"Toggle\" \/><nav><ul class='ez-toc-list ez-toc-list-level-1 ' ><li class='ez-toc-page-1 ez-toc-heading-level-1'><a class=\"ez-toc-link ez-toc-heading-1\" href=\"https:\/\/icab.eu\/pro\/demo\/panneaux-photovoltaiques\/#Exemples_dossatures_et_supports_de_panneaux_photovoltaiques\" >Exemples d&rsquo;ossatures et supports de panneaux photovolta\u00efques<\/a><ul class='ez-toc-list-level-2' ><li class='ez-toc-heading-level-2'><a class=\"ez-toc-link ez-toc-heading-2\" href=\"https:\/\/icab.eu\/pro\/demo\/panneaux-photovoltaiques\/#Ombrieres\" >Ombri\u00e8res<\/a><\/li><li class='ez-toc-page-1 ez-toc-heading-level-2'><a class=\"ez-toc-link ez-toc-heading-3\" href=\"https:\/\/icab.eu\/pro\/demo\/panneaux-photovoltaiques\/#Tables_solaires\" >Tables solaires<\/a><\/li><li class='ez-toc-page-1 ez-toc-heading-level-2'><a class=\"ez-toc-link ez-toc-heading-4\" href=\"https:\/\/icab.eu\/pro\/demo\/panneaux-photovoltaiques\/#Montage_assemblage\" >Montage, assemblage<\/a><\/li><\/ul><\/li><\/ul><\/nav><\/div>\n<h1><span class=\"ez-toc-section\" id=\"Exemples_dossatures_et_supports_de_panneaux_photovoltaiques\"><\/span>Exemples d&rsquo;ossatures et supports de panneaux photovolta\u00efques<span class=\"ez-toc-section-end\"><\/span><\/h1>\n<table border=\"0\" cellspacing=\"0\" cellpadding=\"0\">\n<tbody>\n<tr>\n<td>&nbsp;<\/p>\n<ul>\n<li><a href=\"https:\/\/www.icab.eu\/force\/demo\/solaire.htm#ombriere\">Ombri\u00e8res<\/a><\/li>\n<li><a href=\"https:\/\/www.icab.eu\/force\/demo\/solaire.htm#table\">tables solaires<\/a><\/li>\n<li><a href=\"https:\/\/www.icab.eu\/force\/demo\/solaire.htm#montage\">montage et assemblage<\/a><\/li>\n<\/ul>\n<p>&nbsp;<\/td>\n<\/tr>\n<\/tbody>\n<\/table>\n<h2><span class=\"ez-toc-section\" id=\"Ombrieres\"><\/span><a name=\"ombriere\"><\/a>Ombri\u00e8res<span class=\"ez-toc-section-end\"><\/span><\/h2>\n<p><img fetchpriority=\"high\" decoding=\"async\" title=\"ombriere - panneaux photovoltaiques 12MW crete\" src=\"https:\/\/www.icab.eu\/force\/demo\/img\/solaire\/solaire_ombriere_castelnau31.jpg\" alt=\"ombriere - panneaux photovoltaiques 12MW crete\" width=\"755\" height=\"330\" border=\"0\" \/><\/p>\n<p>Ensemble de production de 12MW (g\u00e9olocalisation <a href=\"https:\/\/www.google.fr\/maps\/place\/43%C2%B046'51.1%22N+1%C2%B020'59.1%22E\/@43.7808611,1.3475613,707m\/data=!3m2!1e3!4b1!4m5!3m4!1s0x0:0x0!8m2!3d43.780861!4d1.34975\" target=\"_blank\" rel=\"noopener\">GPS<\/a>)<\/p>\n<p><img decoding=\"async\" title=\"enveloppe des contraintes sur ossature acier de support de panneaux solaires\" src=\"https:\/\/www.icab.eu\/force\/demo\/img\/solaire\/solaire_ombriere_sfy.jpg\" alt=\"enveloppe des contraintes sur ossature acier de support de panneaux solaires\" width=\"1565\" height=\"681\" border=\"0\" \/><\/p>\n<p>Enveloppe de la distribution des contraintes sous l&rsquo;action des charges climatiques<\/p>\n<p>&nbsp;<\/p>\n<p><img decoding=\"async\" title=\"deformation ossature de support de panneaux photovoltaiques\" src=\"https:\/\/www.icab.eu\/force\/demo\/img\/solaire\/solaire_ombriere_moments.jpg\" alt=\"deformation ossature de support de panneaux photovoltaiques\" width=\"1502\" height=\"738\" border=\"0\" \/><\/p>\n<p>D\u00e9formation de l&rsquo;ossature de l&rsquo;ombri\u00e8re<\/p>\n<p>&nbsp;<\/p>\n<p><img loading=\"lazy\" decoding=\"async\" title=\"detail de rail pour panneaux photovoltaique sur panne\" src=\"https:\/\/www.icab.eu\/force\/demo\/img\/solaire\/solaire_ombriere_detail.jpg\" alt=\"detail de rail pour panneaux photovoltaique sur panne\" width=\"1558\" height=\"687\" border=\"0\" \/><\/p>\n<p>D\u00e9tail de montage des rails porteurs sur pannes<\/p>\n<p>&nbsp;<\/p>\n<h2><span class=\"ez-toc-section\" id=\"Tables_solaires\"><\/span><a name=\"table\"><\/a>Tables solaires<span class=\"ez-toc-section-end\"><\/span><\/h2>\n<p><img loading=\"lazy\" decoding=\"async\" title=\"table pour panneaux solaires en region cyclonique\" src=\"https:\/\/www.icab.eu\/force\/demo\/img\/solaire\/solaire_table_panneau_cyclonique_def.jpg\" alt=\"table pour panneaux solaires en region cyclonique\" width=\"1589\" height=\"641\" border=\"0\" \/><\/p>\n<p>Tables pour panneaux photovolta\u00efques en r\u00e9gion de vent cyclonique.<\/p>\n<h2><span class=\"ez-toc-section\" id=\"Montage_assemblage\"><\/span><a name=\"montage\"><\/a>Montage, assemblage<span class=\"ez-toc-section-end\"><\/span><\/h2>\n<p><img loading=\"lazy\" decoding=\"async\" title=\"centrale solaire\" src=\"https:\/\/www.icab.eu\/force\/demo\/img\/solaire\/solaire_centrale_constantin33.jpg\" alt=\"centrale solaire\" width=\"860\" height=\"213\" border=\"0\" \/><\/p>\n<p>Centrale solaire (g\u00e9olocalisation <a href=\"https:\/\/www.google.fr\/maps\/place\/44%C2%B042'57.8%22N+0%C2%B048'34.5%22W\/@44.7225787,-0.8186771,2784m\/data=!3m1!1e3!4m5!3m4!1s0x0:0x0!8m2!3d44.716053!4d-0.809579\" target=\"_blank\" rel=\"noopener\">GPS<\/a>)<\/p>\n<p><img loading=\"lazy\" decoding=\"async\" title=\"deformation de rail porteur de panneaux solaires\" src=\"https:\/\/www.icab.eu\/force\/demo\/img\/solaire\/solaire_rail_panneau_deformation_amplifiee.jpg\" alt=\"deformation de rail porteur de panneaux solaires\" width=\"1150\" height=\"822\" border=\"0\" \/><\/p>\n<p>D\u00e9formation de rail porteur de panneaux solaires<\/p>\n<p>&nbsp;<\/p>\n","protected":false},"excerpt":{"rendered":"<p>Exemples d&rsquo;ossatures et supports de panneaux photovolta\u00efques &nbsp; Ombri\u00e8res tables solaires montage et assemblage &nbsp; Ombri\u00e8res Ensemble de production de 12MW (g\u00e9olocalisation GPS) Enveloppe de la distribution des contraintes sous l&rsquo;action des charges climatiques &nbsp; D\u00e9formation de l&rsquo;ossature de l&rsquo;ombri\u00e8re &nbsp; D\u00e9tail de montage des rails porteurs sur pannes &nbsp; Tables solaires Tables pour panneaux [&hellip;]<\/p>\n","protected":false},"author":2,"featured_media":0,"parent":548,"menu_order":0,"comment_status":"closed","ping_status":"closed","template":"","meta":{"_bbp_topic_count":0,"_bbp_reply_count":0,"_bbp_total_topic_count":0,"_bbp_total_reply_count":0,"_bbp_voice_count":0,"_bbp_anonymous_reply_count":0,"_bbp_topic_count_hidden":0,"_bbp_reply_count_hidden":0,"_bbp_forum_subforum_count":0,"footnotes":""},"class_list":["post-572","page","type-page","status-publish","hentry"],"_links":{"self":[{"href":"https:\/\/icab.eu\/pro\/wp-json\/wp\/v2\/pages\/572","targetHints":{"allow":["GET"]}}],"collection":[{"href":"https:\/\/icab.eu\/pro\/wp-json\/wp\/v2\/pages"}],"about":[{"href":"https:\/\/icab.eu\/pro\/wp-json\/wp\/v2\/types\/page"}],"author":[{"embeddable":true,"href":"https:\/\/icab.eu\/pro\/wp-json\/wp\/v2\/users\/2"}],"replies":[{"embeddable":true,"href":"https:\/\/icab.eu\/pro\/wp-json\/wp\/v2\/comments?post=572"}],"version-history":[{"count":1,"href":"https:\/\/icab.eu\/pro\/wp-json\/wp\/v2\/pages\/572\/revisions"}],"predecessor-version":[{"id":573,"href":"https:\/\/icab.eu\/pro\/wp-json\/wp\/v2\/pages\/572\/revisions\/573"}],"up":[{"embeddable":true,"href":"https:\/\/icab.eu\/pro\/wp-json\/wp\/v2\/pages\/548"}],"wp:attachment":[{"href":"https:\/\/icab.eu\/pro\/wp-json\/wp\/v2\/media?parent=572"}],"curies":[{"name":"wp","href":"https:\/\/api.w.org\/{rel}","templated":true}]}}