{"id":599,"date":"2021-10-20T05:30:59","date_gmt":"2021-10-20T03:30:59","guid":{"rendered":"https:\/\/icab.eu\/pro\/?page_id=599"},"modified":"2021-10-20T05:36:24","modified_gmt":"2021-10-20T03:36:24","slug":"accueil","status":"publish","type":"page","link":"https:\/\/icab.eu\/pro\/","title":{"rendered":"Accueil"},"content":{"rendered":"<div id=\"ez-toc-container\" class=\"ez-toc-v2_0_81 counter-hierarchy ez-toc-counter ez-toc-grey ez-toc-container-direction\">\n<p class=\"ez-toc-title\" style=\"cursor:inherit\">Sommaire<\/p>\n<label for=\"ez-toc-cssicon-toggle-item-69e499e86429d\" class=\"ez-toc-cssicon-toggle-label\"><span class=\"\"><span class=\"eztoc-hide\" style=\"display:none;\">Toggle<\/span><span class=\"ez-toc-icon-toggle-span\"><svg style=\"fill: #999;color:#999\" xmlns=\"http:\/\/www.w3.org\/2000\/svg\" class=\"list-377408\" width=\"20px\" height=\"20px\" viewBox=\"0 0 24 24\" fill=\"none\"><path d=\"M6 6H4v2h2V6zm14 0H8v2h12V6zM4 11h2v2H4v-2zm16 0H8v2h12v-2zM4 16h2v2H4v-2zm16 0H8v2h12v-2z\" fill=\"currentColor\"><\/path><\/svg><svg style=\"fill: #999;color:#999\" class=\"arrow-unsorted-368013\" xmlns=\"http:\/\/www.w3.org\/2000\/svg\" width=\"10px\" height=\"10px\" viewBox=\"0 0 24 24\" version=\"1.2\" baseProfile=\"tiny\"><path d=\"M18.2 9.3l-6.2-6.3-6.2 6.3c-.2.2-.3.4-.3.7s.1.5.3.7c.2.2.4.3.7.3h11c.3 0 .5-.1.7-.3.2-.2.3-.5.3-.7s-.1-.5-.3-.7zM5.8 14.7l6.2 6.3 6.2-6.3c.2-.2.3-.5.3-.7s-.1-.5-.3-.7c-.2-.2-.4-.3-.7-.3h-11c-.3 0-.5.1-.7.3-.2.2-.3.5-.3.7s.1.5.3.7z\"\/><\/svg><\/span><\/span><\/label><input type=\"checkbox\"  id=\"ez-toc-cssicon-toggle-item-69e499e86429d\"  aria-label=\"Toggle\" \/><nav><ul class='ez-toc-list ez-toc-list-level-1 ' ><li class='ez-toc-page-1 ez-toc-heading-level-4'><a class=\"ez-toc-link ez-toc-heading-1\" href=\"https:\/\/icab.eu\/pro\/#Vents_cycloniques_ultramarins\" >Vents cycloniques ultramarins<\/a><\/li><li class='ez-toc-page-1 ez-toc-heading-level-4'><a class=\"ez-toc-link ez-toc-heading-2\" href=\"https:\/\/icab.eu\/pro\/#Action_du_vent_sur_mur_de_batiment_rectangulaire\" >Action du vent sur mur de b\u00e2timent rectangulaire<\/a><\/li><li class='ez-toc-page-1 ez-toc-heading-level-4'><a class=\"ez-toc-link ez-toc-heading-3\" href=\"https:\/\/icab.eu\/pro\/#Combinaison_avec_amplification_dynamique\" >Combinaison avec amplification dynamique<\/a><\/li><li class='ez-toc-page-1 ez-toc-heading-level-4'><a class=\"ez-toc-link ez-toc-heading-4\" href=\"https:\/\/icab.eu\/pro\/#tenue_au_feu_de_lacier\" >tenue au feu de l&rsquo;acier<\/a><\/li><li class='ez-toc-page-1 ez-toc-heading-level-4'><a class=\"ez-toc-link ez-toc-heading-5\" href=\"https:\/\/icab.eu\/pro\/#Mise_a_jour_ulterieure_a_602\" >Mise \u00e0 jour ult\u00e9rieure \u00e0 6.02<\/a><\/li><li class='ez-toc-page-1 ez-toc-heading-level-4'><a class=\"ez-toc-link ez-toc-heading-6\" href=\"https:\/\/icab.eu\/pro\/#Givre_sur_pylones_EN1993-3-1\" >Givre sur pyl\u00f4nes EN1993-3-1<\/a><\/li><li class='ez-toc-page-1 ez-toc-heading-level-4'><a class=\"ez-toc-link ez-toc-heading-7\" href=\"https:\/\/icab.eu\/pro\/#Importation_de_profiles_avec_calcul_automatique\" >Importation de profil\u00e9s avec calcul automatique<\/a><\/li><li class='ez-toc-page-1 ez-toc-heading-level-4'><a class=\"ez-toc-link ez-toc-heading-8\" href=\"https:\/\/icab.eu\/pro\/#Calcul_de_pylones\" >Calcul de pyl\u00f4nes<\/a><\/li><li class='ez-toc-page-1 ez-toc-heading-level-4'><a class=\"ez-toc-link ez-toc-heading-9\" href=\"https:\/\/icab.eu\/pro\/#ICAB_6008_charges_climatiques\" >ICAB 6.008 charges climatiques<\/a><\/li><li class='ez-toc-page-1 ez-toc-heading-level-4'><a class=\"ez-toc-link ez-toc-heading-10\" href=\"https:\/\/icab.eu\/pro\/#ICAB_version_60\" >ICAB version 6.0<\/a><\/li><li class='ez-toc-page-1 ez-toc-heading-level-4'><a class=\"ez-toc-link ez-toc-heading-11\" href=\"https:\/\/icab.eu\/pro\/#ICAB_Version_551\" >ICAB Version 5.51<\/a><\/li><li class='ez-toc-page-1 ez-toc-heading-level-4'><a class=\"ez-toc-link ez-toc-heading-12\" href=\"https:\/\/icab.eu\/pro\/#Setup_Erreur_432\" >Setup Erreur 432<\/a><\/li><li class='ez-toc-page-1 ez-toc-heading-level-4'><a class=\"ez-toc-link ez-toc-heading-13\" href=\"https:\/\/icab.eu\/pro\/#Driver_MsFlexGrid\" >Driver MsFlexGrid<\/a><\/li><li class='ez-toc-page-1 ez-toc-heading-level-4'><a class=\"ez-toc-link ez-toc-heading-14\" href=\"https:\/\/icab.eu\/pro\/#Installation_version_5\" >Installation version 5<\/a><\/li><li class='ez-toc-page-1 ez-toc-heading-level-4'><a class=\"ez-toc-link ez-toc-heading-15\" href=\"https:\/\/icab.eu\/pro\/#FAQ_calculs\" >FAQ calculs<\/a><\/li><\/ul><\/nav><\/div>\n<p><img decoding=\"async\" class=\"wp-image-310  alignright\" src=\"https:\/\/icab.eu\/pro\/wp-content\/uploads\/2019\/02\/cropped-icab2-1-150x150.jpg\" alt=\"\" width=\"73\" height=\"73\" srcset=\"https:\/\/icab.eu\/pro\/wp-content\/uploads\/2019\/02\/cropped-icab2-1-150x150.jpg 150w, https:\/\/icab.eu\/pro\/wp-content\/uploads\/2019\/02\/cropped-icab2-1.jpg 240w\" sizes=\"(max-width: 73px) 100vw, 73px\" \/>ICAB <a href=\"https:\/\/icab.eu\/pro\/icab-force\/icabforce6\/\">version 6.0<\/a><\/p>\n<p><img fetchpriority=\"high\" decoding=\"async\" class=\"wp-image-71  aligncenter\" src=\"https:\/\/icab.eu\/pro\/wp-content\/uploads\/2019\/03\/icab_coque_sm-1.jpg\" alt=\"\" width=\"346\" height=\"252\" srcset=\"https:\/\/icab.eu\/pro\/wp-content\/uploads\/2019\/03\/icab_coque_sm-1.jpg 642w, https:\/\/icab.eu\/pro\/wp-content\/uploads\/2019\/03\/icab_coque_sm-1-300x218.jpg 300w\" sizes=\"(max-width: 346px) 100vw, 346px\" \/><\/p>\n<div class=\"pt-cv-wrapper\"><div class=\"pt-cv-view pt-cv-grid pt-cv-colsys\" id=\"pt-cv-view-bb908ccsn1\"><div data-id=\"pt-cv-page-1\" class=\"pt-cv-page\" data-cvc=\"1\"><div class=\"col-md-12 col-sm-6 col-xs-12 pt-cv-content-item pt-cv-2-col\" ><div class='pt-cv-ifield'><a href=\"https:\/\/icab.eu\/pro\/vent-cyclonique-ultramarin\/\" class=\"_self pt-cv-href-thumbnail pt-cv-thumb-right\" target=\"_self\" ><\/a>\n<h4 class=\"pt-cv-title\"><span class=\"ez-toc-section\" id=\"Vents_cycloniques_ultramarins\"><\/span><a href=\"https:\/\/icab.eu\/pro\/vent-cyclonique-ultramarin\/\" class=\"_self\" target=\"_self\" >Vents cycloniques ultramarins<\/a><span class=\"ez-toc-section-end\"><\/span><\/h4>\n<div class=\"pt-cv-content\">Martinique - Guadeloupe Les vitesses de vent de r\u00e9f\u00e9rence en Martinique et \u00e0 la Guadeloupe sont d\u00e9finies par l'arr\u00eat\u00e9 du ...<br \/><div class=\"pt-cv-rmwrap\"><a href=\"https:\/\/icab.eu\/pro\/vent-cyclonique-ultramarin\/\" class=\"_self pt-cv-readmore btn btn-success\" target=\"_self\">Lire La Suite\u2026<\/a><\/div><\/div><\/div><\/div>\n<div class=\"col-md-12 col-sm-6 col-xs-12 pt-cv-content-item pt-cv-2-col\" ><div class='pt-cv-ifield'><a href=\"https:\/\/icab.eu\/pro\/vent-mur-batiment_722\/\" class=\"_self pt-cv-href-thumbnail pt-cv-thumb-right\" target=\"_self\" ><\/a>\n<h4 class=\"pt-cv-title\"><span class=\"ez-toc-section\" id=\"Action_du_vent_sur_mur_de_batiment_rectangulaire\"><\/span><a href=\"https:\/\/icab.eu\/pro\/vent-mur-batiment_722\/\" class=\"_self\" target=\"_self\" >Action du vent sur mur de b\u00e2timent rectangulaire<\/a><span class=\"ez-toc-section-end\"><\/span><\/h4>\n<div class=\"pt-cv-content\">L'Eurocode EN1991-1-4 7.2.2 pr\u00e9voit que l'action du vent sur mur de b\u00e2timent rectangulaire est major\u00e9e sur la hauteur de la ...<br \/><div class=\"pt-cv-rmwrap\"><a href=\"https:\/\/icab.eu\/pro\/vent-mur-batiment_722\/\" class=\"_self pt-cv-readmore btn btn-success\" target=\"_self\">Lire La Suite\u2026<\/a><\/div><\/div><\/div><\/div>\n<div class=\"col-md-12 col-sm-6 col-xs-12 pt-cv-content-item pt-cv-2-col\" ><div class='pt-cv-ifield'><a href=\"https:\/\/icab.eu\/pro\/combi-amplification-dynamique\/\" class=\"_self pt-cv-href-thumbnail pt-cv-thumb-right\" target=\"_self\" ><\/a>\n<h4 class=\"pt-cv-title\"><span class=\"ez-toc-section\" id=\"Combinaison_avec_amplification_dynamique\"><\/span><a href=\"https:\/\/icab.eu\/pro\/combi-amplification-dynamique\/\" class=\"_self\" target=\"_self\" >Combinaison avec amplification dynamique<\/a><span class=\"ez-toc-section-end\"><\/span><\/h4>\n<div class=\"pt-cv-content\">La version ICAB 6.032 introduit le coefficient PSIdyn qui amplifie toutes les actions d'un cas de charge pour les combinaisons ...<br \/><div class=\"pt-cv-rmwrap\"><a href=\"https:\/\/icab.eu\/pro\/combi-amplification-dynamique\/\" class=\"_self pt-cv-readmore btn btn-success\" target=\"_self\">Lire La Suite\u2026<\/a><\/div><\/div><\/div><\/div>\n<div class=\"col-md-12 col-sm-6 col-xs-12 pt-cv-content-item pt-cv-2-col\" ><div class='pt-cv-ifield'><a href=\"https:\/\/icab.eu\/pro\/tenue-feu-acier\/\" class=\"_self pt-cv-href-thumbnail pt-cv-thumb-right\" target=\"_self\" ><\/a>\n<h4 class=\"pt-cv-title\"><span class=\"ez-toc-section\" id=\"tenue_au_feu_de_lacier\"><\/span><a href=\"https:\/\/icab.eu\/pro\/tenue-feu-acier\/\" class=\"_self\" target=\"_self\" >tenue au feu de l&rsquo;acier<\/a><span class=\"ez-toc-section-end\"><\/span><\/h4>\n<div class=\"pt-cv-content\">Mont\u00e9e en temp\u00e9rature L'Eurocode EN1991-1-2 section 3.2 pr\u00e9cise les mont\u00e9es en temp\u00e9rature lors d'incendies selon 3.2.1 courbe normalis\u00e9e 3.2.2 courbe ...<br \/><div class=\"pt-cv-rmwrap\"><a href=\"https:\/\/icab.eu\/pro\/tenue-feu-acier\/\" class=\"_self pt-cv-readmore btn btn-success\" target=\"_self\">Lire La Suite\u2026<\/a><\/div><\/div><\/div><\/div>\n<div class=\"col-md-12 col-sm-6 col-xs-12 pt-cv-content-item pt-cv-2-col\" ><div class='pt-cv-ifield'><a href=\"https:\/\/icab.eu\/pro\/mise-a-jour-6-02\/\" class=\"_self pt-cv-href-thumbnail pt-cv-thumb-right\" target=\"_self\" ><\/a>\n<h4 class=\"pt-cv-title\"><span class=\"ez-toc-section\" id=\"Mise_a_jour_ulterieure_a_602\"><\/span><a href=\"https:\/\/icab.eu\/pro\/mise-a-jour-6-02\/\" class=\"_self\" target=\"_self\" >Mise \u00e0 jour ult\u00e9rieure \u00e0 6.02<\/a><span class=\"ez-toc-section-end\"><\/span><\/h4>\n<div class=\"pt-cv-content\">ICAB version 6.03 Une extension du format des donn\u00e9es climatiques \u00e0 partir de la version 6.03 requiert une mise \u00e0 ...<br \/><div class=\"pt-cv-rmwrap\"><a href=\"https:\/\/icab.eu\/pro\/mise-a-jour-6-02\/\" class=\"_self pt-cv-readmore btn btn-success\" target=\"_self\">Lire La Suite\u2026<\/a><\/div><\/div><\/div><\/div>\n<div class=\"col-md-12 col-sm-6 col-xs-12 pt-cv-content-item pt-cv-2-col\" ><div class='pt-cv-ifield'><a href=\"https:\/\/icab.eu\/pro\/givre-sur-pylones-en1993-3-1\/\" class=\"_self pt-cv-href-thumbnail pt-cv-thumb-right\" target=\"_self\" ><img decoding=\"async\" width=\"150\" height=\"150\" src=\"https:\/\/icab.eu\/pro\/wp-content\/uploads\/2021\/02\/pylone_anemonetrique_102m-150x150.jpg\" class=\"pt-cv-thumbnail pull-right\" alt=\"\" \/><\/a>\n<h4 class=\"pt-cv-title\"><span class=\"ez-toc-section\" id=\"Givre_sur_pylones_EN1993-3-1\"><\/span><a href=\"https:\/\/icab.eu\/pro\/givre-sur-pylones-en1993-3-1\/\" class=\"_self\" target=\"_self\" >Givre sur pyl\u00f4nes EN1993-3-1<\/a><span class=\"ez-toc-section-end\"><\/span><\/h4>\n<div class=\"pt-cv-content\">Action du givre sur des profil\u00e9s Avec l'action du vent de \"prise au vent sur treillis\", l'utilisateur peut d\u00e9finir une ...<br \/><div class=\"pt-cv-rmwrap\"><a href=\"https:\/\/icab.eu\/pro\/givre-sur-pylones-en1993-3-1\/\" class=\"_self pt-cv-readmore btn btn-success\" target=\"_self\">Lire La Suite\u2026<\/a><\/div><\/div><\/div><\/div>\n<div class=\"col-md-12 col-sm-6 col-xs-12 pt-cv-content-item pt-cv-2-col\" ><div class='pt-cv-ifield'><a href=\"https:\/\/icab.eu\/pro\/profiles-calcul-automatique\/\" class=\"_self pt-cv-href-thumbnail pt-cv-thumb-right\" target=\"_self\" ><\/a>\n<h4 class=\"pt-cv-title\"><span class=\"ez-toc-section\" id=\"Importation_de_profiles_avec_calcul_automatique\"><\/span><a href=\"https:\/\/icab.eu\/pro\/profiles-calcul-automatique\/\" class=\"_self\" target=\"_self\" >Importation de profil\u00e9s avec calcul automatique<\/a><span class=\"ez-toc-section-end\"><\/span><\/h4>\n<div class=\"pt-cv-content\">Lors de l'importation d'une biblioth\u00e8que de profil\u00e9s avec un fichier IGA contenant des sections normalis\u00e9es, l'indication des dimensions et \u00e9paisseurs ...<br \/><div class=\"pt-cv-rmwrap\"><a href=\"https:\/\/icab.eu\/pro\/profiles-calcul-automatique\/\" class=\"_self pt-cv-readmore btn btn-success\" target=\"_self\">Lire La Suite\u2026<\/a><\/div><\/div><\/div><\/div>\n<div class=\"col-md-12 col-sm-6 col-xs-12 pt-cv-content-item pt-cv-2-col\" ><div class='pt-cv-ifield'><a href=\"https:\/\/icab.eu\/pro\/calcul-pylones\/\" class=\"_self pt-cv-href-thumbnail pt-cv-thumb-right\" target=\"_self\" ><img loading=\"lazy\" decoding=\"async\" width=\"150\" height=\"150\" src=\"https:\/\/icab.eu\/pro\/wp-content\/uploads\/2021\/02\/pylone_anemonetrique_100m_deplacement_tete-150x150.jpg\" class=\"pt-cv-thumbnail pull-right\" alt=\"\" \/><\/a>\n<h4 class=\"pt-cv-title\"><span class=\"ez-toc-section\" id=\"Calcul_de_pylones\"><\/span><a href=\"https:\/\/icab.eu\/pro\/calcul-pylones\/\" class=\"_self\" target=\"_self\" >Calcul de pyl\u00f4nes<\/a><span class=\"ez-toc-section-end\"><\/span><\/h4>\n<div class=\"pt-cv-content\">L'application des Eurocodes aux calculs de pyl\u00f4nes par le logiciel ICAB sont men\u00e9s selon EN1991-1-4 Les actions du vent sur ...<br \/><div class=\"pt-cv-rmwrap\"><a href=\"https:\/\/icab.eu\/pro\/calcul-pylones\/\" class=\"_self pt-cv-readmore btn btn-success\" target=\"_self\">Lire La Suite\u2026<\/a><\/div><\/div><\/div><\/div>\n<div class=\"col-md-12 col-sm-6 col-xs-12 pt-cv-content-item pt-cv-2-col\" ><div class='pt-cv-ifield'><a href=\"https:\/\/icab.eu\/pro\/icab-6-007\/\" class=\"_self pt-cv-href-thumbnail pt-cv-thumb-right\" target=\"_self\" ><img loading=\"lazy\" decoding=\"async\" width=\"150\" height=\"150\" src=\"https:\/\/icab.eu\/pro\/wp-content\/uploads\/2020\/02\/en1991-1-4_725_bat_2versants-150x150.jpg\" class=\"pt-cv-thumbnail pull-right\" alt=\"\" \/><\/a>\n<h4 class=\"pt-cv-title\"><span class=\"ez-toc-section\" id=\"ICAB_6008_charges_climatiques\"><\/span><a href=\"https:\/\/icab.eu\/pro\/icab-6-007\/\" class=\"_self\" target=\"_self\" >ICAB 6.008 charges climatiques<\/a><span class=\"ez-toc-section-end\"><\/span><\/h4>\n<div class=\"pt-cv-content\">Mise \u00e0 jour ICAB 6.008: chargements climatiques automatiques Effets de bord Les effets de bords sur les actions du vent ...<br \/><div class=\"pt-cv-rmwrap\"><a href=\"https:\/\/icab.eu\/pro\/icab-6-007\/\" class=\"_self pt-cv-readmore btn btn-success\" target=\"_self\">Lire La Suite\u2026<\/a><\/div><\/div><\/div><\/div>\n<div class=\"col-md-12 col-sm-6 col-xs-12 pt-cv-content-item pt-cv-2-col\" ><div class='pt-cv-ifield'><a href=\"https:\/\/icab.eu\/pro\/icab-version-6-0\/\" class=\"_self pt-cv-href-thumbnail pt-cv-thumb-right\" target=\"_self\" ><\/a>\n<h4 class=\"pt-cv-title\"><span class=\"ez-toc-section\" id=\"ICAB_version_60\"><\/span><a href=\"https:\/\/icab.eu\/pro\/icab-version-6-0\/\" class=\"_self\" target=\"_self\" >ICAB version 6.0<\/a><span class=\"ez-toc-section-end\"><\/span><\/h4>\n<div class=\"pt-cv-content\">ICAB Force Version 6.0 Nouveaut\u00e9s Mise \u00e0 jour 6.0 Manuels Version optimis\u00e9e pour Windows 10, 11 disponible en version 32 ...<br \/><div class=\"pt-cv-rmwrap\"><a href=\"https:\/\/icab.eu\/pro\/icab-version-6-0\/\" class=\"_self pt-cv-readmore btn btn-success\" target=\"_self\">Lire La Suite\u2026<\/a><\/div><\/div><\/div><\/div>\n<div class=\"col-md-12 col-sm-6 col-xs-12 pt-cv-content-item pt-cv-2-col\" ><div class='pt-cv-ifield'><a href=\"https:\/\/icab.eu\/pro\/icab-version-5-51\/\" class=\"_self pt-cv-href-thumbnail pt-cv-thumb-right\" target=\"_self\" ><img loading=\"lazy\" decoding=\"async\" width=\"150\" height=\"150\" src=\"https:\/\/icab.eu\/pro\/wp-content\/uploads\/2019\/02\/index1-150x150.gif\" class=\"pt-cv-thumbnail pull-right\" alt=\"\" \/><\/a>\n<h4 class=\"pt-cv-title\"><span class=\"ez-toc-section\" id=\"ICAB_Version_551\"><\/span><a href=\"https:\/\/icab.eu\/pro\/icab-version-5-51\/\" class=\"_self\" target=\"_self\" >ICAB Version 5.51<\/a><span class=\"ez-toc-section-end\"><\/span><\/h4>\n<div class=\"pt-cv-content\">ICAB Version 5.51 \u2013 licence Internet Version 5.51 fonctionnant soit avec une clef USB (pour Windows XP et suivantes) ou ...<br \/><div class=\"pt-cv-rmwrap\"><a href=\"https:\/\/icab.eu\/pro\/icab-version-5-51\/\" class=\"_self pt-cv-readmore btn btn-success\" target=\"_self\">Lire La Suite\u2026<\/a><\/div><\/div><\/div><\/div>\n<div class=\"col-md-12 col-sm-6 col-xs-12 pt-cv-content-item pt-cv-2-col\" ><div class='pt-cv-ifield'><a href=\"https:\/\/icab.eu\/pro\/setup-erreur-432\/\" class=\"_self pt-cv-href-thumbnail pt-cv-thumb-right\" target=\"_self\" ><img loading=\"lazy\" decoding=\"async\" width=\"150\" height=\"150\" src=\"https:\/\/icab.eu\/pro\/wp-content\/uploads\/2020\/02\/error432-150x150.jpg\" class=\"pt-cv-thumbnail pull-right\" alt=\"\" \/><\/a>\n<h4 class=\"pt-cv-title\"><span class=\"ez-toc-section\" id=\"Setup_Erreur_432\"><\/span><a href=\"https:\/\/icab.eu\/pro\/setup-erreur-432\/\" class=\"_self\" target=\"_self\" >Setup Erreur 432<\/a><span class=\"ez-toc-section-end\"><\/span><\/h4>\n<div class=\"pt-cv-content\">Lors d'une installation ou une mise \u00e0 jour du logiciel ICAB, le lancement du programme \"setup.exe\" se fige et\/ou\u00a0 le ...<br \/><div class=\"pt-cv-rmwrap\"><a href=\"https:\/\/icab.eu\/pro\/setup-erreur-432\/\" class=\"_self pt-cv-readmore btn btn-success\" target=\"_self\">Lire La Suite\u2026<\/a><\/div><\/div><\/div><\/div>\n<div class=\"col-md-12 col-sm-6 col-xs-12 pt-cv-content-item pt-cv-2-col\" ><div class='pt-cv-ifield'><a href=\"https:\/\/icab.eu\/pro\/driver-msflexgrid\/\" class=\"_self pt-cv-href-thumbnail pt-cv-thumb-right\" target=\"_self\" ><\/a>\n<h4 class=\"pt-cv-title\"><span class=\"ez-toc-section\" id=\"Driver_MsFlexGrid\"><\/span><a href=\"https:\/\/icab.eu\/pro\/driver-msflexgrid\/\" class=\"_self\" target=\"_self\" >Driver MsFlexGrid<\/a><span class=\"ez-toc-section-end\"><\/span><\/h4>\n<div class=\"pt-cv-content\">Pas de tableau sous Windows 7 Pas d'affichage des listes info\/noeuds pour ICAB versions 5. Les versions ICAB 6.0 ne ...<br \/><div class=\"pt-cv-rmwrap\"><a href=\"https:\/\/icab.eu\/pro\/driver-msflexgrid\/\" class=\"_self pt-cv-readmore btn btn-success\" target=\"_self\">Lire La Suite\u2026<\/a><\/div><\/div><\/div><\/div>\n<div class=\"col-md-12 col-sm-6 col-xs-12 pt-cv-content-item pt-cv-2-col\" ><div class='pt-cv-ifield'><a href=\"https:\/\/icab.eu\/pro\/installation-v5\/\" class=\"_self pt-cv-href-thumbnail pt-cv-thumb-right\" target=\"_self\" ><\/a>\n<h4 class=\"pt-cv-title\"><span class=\"ez-toc-section\" id=\"Installation_version_5\"><\/span><a href=\"https:\/\/icab.eu\/pro\/installation-v5\/\" class=\"_self\" target=\"_self\" >Installation version 5<\/a><span class=\"ez-toc-section-end\"><\/span><\/h4>\n<div class=\"pt-cv-content\">Installation, mise \u00e0 jour en t\u00e9l\u00e9chargement Pour t\u00e9l\u00e9charger une mise \u00e0 jour ou une version de d\u00e9monstration, allez sur: https:\/\/www.icab.eu\/download\/ ...<br \/><div class=\"pt-cv-rmwrap\"><a href=\"https:\/\/icab.eu\/pro\/installation-v5\/\" class=\"_self pt-cv-readmore btn btn-success\" target=\"_self\">Lire La Suite\u2026<\/a><\/div><\/div><\/div><\/div>\n<div class=\"col-md-12 col-sm-6 col-xs-12 pt-cv-content-item pt-cv-2-col\" ><div class='pt-cv-ifield'><a href=\"https:\/\/icab.eu\/pro\/faq-calculs\/\" class=\"_self pt-cv-href-thumbnail pt-cv-thumb-right\" target=\"_self\" ><\/a>\n<h4 class=\"pt-cv-title\"><span class=\"ez-toc-section\" id=\"FAQ_calculs\"><\/span><a href=\"https:\/\/icab.eu\/pro\/faq-calculs\/\" class=\"_self\" target=\"_self\" >FAQ calculs<\/a><span class=\"ez-toc-section-end\"><\/span><\/h4>\n<div class=\"pt-cv-content\">Les d\u00e9placements et\/ou rotations sont excessifs Les d\u00e9placements en translation ou rotation excessifs proviennent de l'effet de structure flottante. - ...<br \/><div class=\"pt-cv-rmwrap\"><a href=\"https:\/\/icab.eu\/pro\/faq-calculs\/\" class=\"_self pt-cv-readmore btn btn-success\" target=\"_self\">Lire La Suite\u2026<\/a><\/div><\/div><\/div><\/div><\/div><\/div><\/div>\n","protected":false},"excerpt":{"rendered":"<p>ICAB version 6.0<\/p>\n","protected":false},"author":2,"featured_media":0,"parent":0,"menu_order":0,"comment_status":"closed","ping_status":"closed","template":"","meta":{"_bbp_topic_count":0,"_bbp_reply_count":0,"_bbp_total_topic_count":0,"_bbp_total_reply_count":0,"_bbp_voice_count":0,"_bbp_anonymous_reply_count":0,"_bbp_topic_count_hidden":0,"_bbp_reply_count_hidden":0,"_bbp_forum_subforum_count":0,"footnotes":""},"class_list":["post-599","page","type-page","status-publish","hentry"],"_links":{"self":[{"href":"https:\/\/icab.eu\/pro\/wp-json\/wp\/v2\/pages\/599","targetHints":{"allow":["GET"]}}],"collection":[{"href":"https:\/\/icab.eu\/pro\/wp-json\/wp\/v2\/pages"}],"about":[{"href":"https:\/\/icab.eu\/pro\/wp-json\/wp\/v2\/types\/page"}],"author":[{"embeddable":true,"href":"https:\/\/icab.eu\/pro\/wp-json\/wp\/v2\/users\/2"}],"replies":[{"embeddable":true,"href":"https:\/\/icab.eu\/pro\/wp-json\/wp\/v2\/comments?post=599"}],"version-history":[{"count":4,"href":"https:\/\/icab.eu\/pro\/wp-json\/wp\/v2\/pages\/599\/revisions"}],"predecessor-version":[{"id":604,"href":"https:\/\/icab.eu\/pro\/wp-json\/wp\/v2\/pages\/599\/revisions\/604"}],"wp:attachment":[{"href":"https:\/\/icab.eu\/pro\/wp-json\/wp\/v2\/media?parent=599"}],"curies":[{"name":"wp","href":"https:\/\/api.w.org\/{rel}","templated":true}]}}